d by 1484?
44
What is the remainder when 54789647 is divided by 332?
19
Calculate the remainder when 140886 is divided by 9159.
3501
What is the remainder when 253521 is divided by 669?
639
What is the remainder when 155115 is divided by 320?
235
Calculate the remainder when 21473133 is divided by 625.
8
Calculate the remainder when 459054 is divided by 2954.
1184
What is the remainder when 5804875 is divided by 152?
147
Calculate the remainder when 93082 is divided by 1083.
1027
What is the remainder when 1840941 is divided by 204548?
9
What is the remainder when 1187613 is divided by 395866?
15
Calculate the remainder when 7281511 is divided by 3587.
3488
Calculate the remainder when 93679 is divided by 89585.
4094
What is the remainder when 16683448 is divided by 96?
88
Calculate the remainder when 62936 is divided by 2155.
441
What is the remainder when 29004 is divided by 28906?
98
What is the remainder when 1463684 is divided by 4691?
92
What is the remainder when 89868596 is divided by 259?
258
Calculate the remainder when 1154601 is divided by 56.
49
Calculate the remainder when 761349 is divided by 20031.
171
What is the remainder when 62478 is divided by 29663?
3152
Calculate the remainder when 24510402 is divided by 345216.
66
What is the remainder when 6097654 is divided by 20811?
31
What is the remainder when 3337607 is divided by 133504?
7
What is the remainder when 378997 is divided by 481?
450
Calculate the remainder when 53411 is divided by 92.
51
What is the remainder when 72041 is divided by 35340?
1361
Calculate the remainder when 276007 is divided by 4107.
838
What is the remainder when 2771186 is divided by 53292?
2
Calculate the remainder when 30379884 is divided by 3235.
3234
Calculate the remainder when 103737 is divided by 1232.
249
Calculate the remainder when 13388181 is divided by 3947.
3904
What is the remainder when 459130 is divided by 537?
532
What is the remainder when 632679 is divided by 6027?
5871
Calculate the remainder when 2067525 is divided by 33.
9
What is the remainder when 2294074 is divided by 166?
120
What is the remainder when 1576472 is divided by 66?
62
Calculate the remainder when 377363 is divided by 22.
19
What is the remainder when 4667 is divided by 1008?
635
Calculate the remainder when 34484223 is divided by 16.
15
What is the remainder when 201426 is divided by 656?
34
Calculate the remainder when 27116748 is divided by 313.
306
What is the remainder when 482987 is divided by 934?
109
What is the remainder when 11267946 is divided by 231?
228
Calculate the remainder when 10090910 is divided by 353.
52
What is the remainder when 27187 is divided by 3473?
2876
Calculate the remainder when 2382122 is divided by 9.
2
Calculate the remainder when 9186334 is divided by 34277.
98
Calculate the remainder when 50679697 is divided by 127979.
13
Calculate the remainder when 1554641 is divided by 5496.
4769
Calculate the remainder when 600097 is divided by 149901.
493
What is the remainder when 1415750 is divided by 95?
60
What is the remainder when 6252968 is divided by 6252948?
20
What is the remainder when 315478 is divided by 2048?
86
Calculate the remainder when 145654 is divided by 48510.
124
Calculate the remainder when 640257 is divided by 428.
397
What is the remainder when 169288 is divided by 2725?
338
What is the remainder when 839584044 is divided by 1165?
1164
What is the remainder when 12233 is divided by 1038?
815
Calculate the remainder when 29095 is divided by 1909.
460
What is the remainder when 12251446 is divided by 19?
18
Calculate the remainder when 11854277 is divided by 3951411.
44
What is the remainder when 8789891 is divided by 812?
803
What is the remainder when 46775860 is divided by 355?
350
Calculate the remainder when 158047 is divided by 26320.
127
Calculate the remainder when 9783445 is divided by 4274.
259
What is the remainder when 679311 is divided by 339640?
31
Calculate the remainder when 60043 is divided by 596.
443
What is the remainder when 50773077 is divided by 173?
172
Calculate the remainder when 19628053 is divided by 6542683.
4
Calculate the remainder when 2416681 is divided by 3180.
3061
What is the remainder when 223896 is divided by 73?
5
What is the remainder when 85216 is divided by 84905?
311
What is the remainder when 1972341 is divided by 12?
9
Calculate the remainder when 6591218 is divided by 101403.
23
Calculate the remainder when 519201 is divided by 854.
823
What is the remainder when 13145987 is divided by 141353?
158
What is the remainder when 92316894 is divided by 130?
124
What is the remainder when 189608 is divided by 31593?
50
Calculate the remainder when 170801 is divided by 27320.
6881
Calculate the remainder when 411509279 is divided by 390.
389
What is the remainder when 1378029 is divided by 3437?
3229
What is the remainder when 2161173 is divided by 10?
3
What is the remainder when 231479 is divided by 109474?
12531
Calculate the remainder when 2923922 is divided by 889.
1
What is the remainder when 42110 is divided by 9254?
5094
Calculate the remainder when 62220 is divided by 1828.
68
What is the remainder when 73089262 is divided by 16?
14
Calculate the remainder when 5612964 is divided by 1635.
9
Calculate the remainder when 464057 is divided by 3930.
317
Calculate the remainder when 136667601 is divided by 4793.
4792
What is the remainder when 202518745 is divided by 41?
24
Calculate the remainder when 28485121 is divided by 160.
1
What is the remainder when 14330124 is divided by 23?
20
What is the remainder when 740514193 is divided by 20?
13
What is the remainder when 179779 is divided by 35954?
9
What is the remainder when 7283256 is divided by 280125?
6
Calculate the remainder when 25098 is divided by 181.
120
Calculate the remainder when 31187970 is divided by 1394.
8
What is the remainder when 206275 is divided by 1061?
441
What is the remainder when 14191681 is divided by 1947?
1945
What is the remainder when 931141270 is divided by 3826?
3824
What is the remainder when 12991717 is divided by 4330569?
10
Calculate the remainder when 8632106 is divided by 719317.
302
What is the remainder when 60991 is divided by 29649?
1693
Calculate the remainder when 394690 is divided by 28110.
1150
Calculate the remainder when 494914 is divided by 1634.
1446
Calculate the remainder when 48858 is divided by 175.
33
What is the remainder when 819336 is divided by 204073?
3044
Calculate the remainder when 3878433 is divided by 2651.
20
What is the remainder when 2063907 is divided by 1172?
15
What is the remainder when 14328229 is divided by 213854?
11
Calculate the remainder when 1077251 is divided by 151.
17
Calculate the remainder when 435559 is divided by 567.
103
What is the remainder when 11853 is divided by 5532?
789
Calculate the remainder when 17702 is divided by 4212.
854
What is the remainder when 21740 is divided by 10866?
8
Calculate the remainder when 16544173 is divided by 397.
389
What is the remainder when 136576 is divided by 132638?
3938
What is the remainder when 14822919 is divided by 11?
1
Calculate the remainder when 7117464 is divided by 508390.
4
What is the remainder when 21420054 is divided by 1031?
1029
What is the remainder when 93715063 is divided by 7249?
7240
What is the remainder when 11780039 is divided by 1461?
1457
Calculate the remainder when 4465902 is divided by 2705.
2652
Calculate the remainder when 68939202 is divided by 72.
66
Calculate the remainder when 3732003 is divided by 16368.
99
Calculate the remainder when 1015512 is divided by 949.
82
Calculate the remainder when 552592 is divided by 2907.
262
What is the remainder when 4199746319 is divided by 443?
442
What is the remainder when 667609 is divided by 166758?
577
What is the remainder when 33467 is divided by 199?
35
What is the remainder when 1104232 is divided by 29?
28
What is the remainder when 5246258 is divided by 4051?
213
Calculate the remainder when 897756 is divided by 160.
156
What is the remainder when 66983035 is divided by 44507?
0
What is the remainder when 2023636 is divided by 1011817?
2
Calculate the remainder when 46556 is divided by 1452.
92
Calculate the remainder when 3883689615 is divided by 534.
531
W